3220
In base 8, what is -2712 + 17?
-2673
In base 16, what is -c + 2?
-a
In base 2, what is -111 - 101?
-1100
In base 10, what is 3 + 26?
29
In base 5, what is 42011 + -2?
42004
In base 8, what is -1145 - -5?
-1140
In base 11, what is -4 + 58?
54
In base 9, what is -5 + -1306?
-1312
In base 6, what is 2 + 20150?
20152
In base 14, what is -4 + 4d?
49
In base 3, what is 222 - -11?
1010
In base 13, what is -2 + -4b4?
-4b6
In base 10, what is 213 + -3?
210
In base 5, what is 203311 + 3?
203314
In base 10, what is 41 + 6?
47
In base 9, what is 3 - 1660?
-1656
In base 4, what is -2 + 211133?
211131
In base 5, what is 203 - 13?
140
In base 14, what is -1319 + 3?
-1316
In base 13, what is 4 + -65?
-61
In base 9, what is 760 + 1?
761
In base 16, what is 27a - 3?
277
In base 12, what is -4 + 856?
852
In base 8, what is 3 - -41?
44
In base 5, what is 4 - -14?
23
In base 11, what is 9 - 0?
9
In base 7, what is 2 - -5232?
5234
In base 16, what is -57ea - -1?
-57e9
In base 12, what is 110 - 13?
b9
In base 11, what is -53 - 4?
-57
In base 10, what is 9 - 6?
3
In base 10, what is 8 - 6?
2
In base 9, what is -2 + -102?
-104
In base 11, what is -5 - -24a?
245
In base 2, what is 0 + -100100?
-100100
In base 7, what is 105 + -2?
103
In base 3, what is -10 + -120?
-200
In base 5, what is -1 - -343?
342
In base 6, what is -1 - 3151?
-3152
In base 2, what is 10010 + 10011?
100101
In base 16, what is 3 - 2c?
-29
In base 14, what is bb + -8?
b3
In base 9, what is -12 - 2841?
-2853
In base 12, what is 0 + -87?
-87
In base 15, what is -39c9 + 3?
-39c6
In base 8, what is 25 - -254?
301
In base 8, what is 10 - 1?
7
In base 9, what is 5 + -174?
-168
In base 7, what is -110401 + -3?
-110404
In base 15, what is -5 + -91?
-96
In base 11, what is 0 - -106?
106
In base 2, what is 11 - -1010000100?
1010000111
In base 10, what is 5 - -9?
14
In base 10, what is -630 + 0?
-630
In base 3, what is -222100 - 2?
-222102
In base 6, what is 5 + 112?
121
In base 4, what is 22203 + -3?
22200
In base 4, what is 32331000 + -1?
32330333
In base 13, what is -262 - 5?
-267
In base 3, what is -21 - -1000?
202
In base 9, what is -73 + 123?
40
In base 5, what is 1423 - 3?
1420
In base 8, what is -3025 + 3?
-3022
In base 4, what is 3113 - -21?
3200
In base 14, what is 2 - -2d0?
2d2
In base 9, what is -2255 - 0?
-2255
In base 11, what is -1a + 673?
654
In base 12, what is -8249 + 1?
-8248
In base 3, what is -210 - -101?
-102
In base 12, what is -76a - -4?
-766
In base 5, what is -101 + 1?
-100
In base 6, what is -40 + -1514?
-1554
In base 15, what is 4 - 73?
-6e
In base 14, what is 9d + 5?
a4
In base 14, what is -4 + -4d?
-53
In base 4, what is 20 - -1123?
1203
In base 10, what is 29 - -5?
34
In base 8, what is 22170 + 3?
22173
In base 4, what is 20330 + 11?
21001
In base 3, what is -10 + -11020000?
-11020010
In base 15, what is 5 + -421?
-41b
In base 9, what is -4 - 23?
-27
In base 15, what is -5 - -429?
424
In base 10, what is -3 - 70?
-73
In base 15, what is 34 - 1?
33
In base 14, what is -992 - -2?
-990
In base 13, what is 1ca - 4?
1c6
In base 16, what is -4 + -8?
-c
In base 14, what is 1b9 - -2?
1bb
In base 10, what is -554 - 2?
-556
In base 4, what is -30 + -122?
-212
In base 15, what is -9 - -6e?
65
In base 11, what is 9 - -114?
122
In base 13, what is 4 - 3?
1
In base 2, what is 11011 - -100?
11111
In base 11, what is 20 + 1?
21
In base 10, what is 6 + 40?
46
In base 14, what is 48 - -2?
4a
In base 6, what is -3314 + 50?
-3224
In base 4, what is 1 + 13220?
13221
In base 9, what is -2 - 2635?
-2637
In base 7, what is -142 - 4?
-146
In base 10, what is -518 + -2?
-520
In base 10, what is 17 - 4?
13
In base 16, what is -1ec + 5?
-1e7
In base 8, what is 6 - 13?
-5
In base 4, what is 12 + 1201?
1213
In base 9, what is 307 + -5?
302
In base 13, what is 5 + 4cc?
504
In base 9, what is 158 + 0?
158
In base 15, what is -1da - -4?
-1d6
In base 6, what is 2 - 104?
-102
In base 14, what is 4 - 264?
-260
In base 10, what is 0 + -34?
-34
In base 5, what is 4 + -1103?
-1044
In base 3, what is 0 + 10112210?
10112210
In base 15, what is 0 + 13d?
13d
In base 12, what is 17 - a?
9
In base 11, what is -475 + -a?
-484
In base 16, what is -1 - 54?
-55
In base 15, what is 0 + 11ae?
11ae
In base 9, what is 133 - 4?
128
In base 4, what is -103 + 312?
203
In base 11, what is -a - -25?
16
In base 10, what is -2 - -297?
295
In base 13, what is 5 + 2?
7
In base 13, what is 12 - 785?
-773
In base 14, what is 5 - -3b?
42
In base 6, what is 32 + 11?
43
In base 9, what is 1077 + -4?
1073
In base 9, what is -27 - -22?
-5
In base 15, what is -5 + ae?
a9
In base 4, what is -1312 - 10?
-1322
In base 7, what is 36 - 4?
32
In base 7, what is -335 - -4?
-331
In base 14, what is 5 - -bcb?
bd2
In base 4, what is 0 - 10222?
-10222
In base 14, what is 49 - 0?
49
In base 9, what is -3206 + -5?
-3212
In base 14, what is 4 - 126?
-122
In base 15, what is 35 + -15?
20
In base 9, what is -453 - 2?
-455
In base 9, what is 5 + 80?
85
In base 6, what is -3 - -52?
45
In base 12, what is 4 + 82?
86
In base 10, what is 0 - -6?
6
In base 9, what is 1 + -3188?
-3187
In base 5, what is -2101 + 2?
-2044
In base 13, what is -452 - -1?
-451
In base 13, what is 20 - 2?
1b
In base 9, what is -132 + 2?
-130
In base 7, what is -155 - -4?
-151
In base 9, what is 15 - 162?
-146
In base 13, what is 97 - 0?
97
In base 5, what is -10 - 244?
-304
In base 16, what is 4 - 26?
-22
In base 12, what is -7b0 + -1?
-7b1
In base 5, what is 3 + -314?
-311
In base 14, what is -10 - -2a8?
298
In base 14, what is -74 - -3c?
-36
In base 16, what is 57 - -5?
5c
In base 15, what is -3 + -25d?
-261
In base 12, what is -44 + -bb?
-143
In base 11, what is 494 + -3?
491
In base 14, what is 4 - -130?
134
In base 8, what is 2126 + -2?
2124
In base 5, what is 32040 - -10?
32100
In base 9, what is -4 - 465?
-470
In base 9, what is 511 - 5?
505
In base 14, what is 5 + -113?
-10c
In base 14, what is -7 - 22b?
-234
In base 2, what is -1001 + 10?
-111
In base 13, what is -4 + 206?
202
In base 15, what is 0 + -23?
-23
In base 3, what is -20 + 11?
-2
In base 6, what is -124 - -32?
-52
In base 14, what is -581 + -b?
-58c
In base 15, what is -70 + 10?
-60
In base 7, what is -152 + 2?
-150
In base 4, what is -1 - -320313?
320312
In base 3, what is 222 - -22?
1021
In base 2, what is 1000100 - 1011?
111001
In base 11, what is 116 + -3?
113
In base 8, what is -5 + -25?
-32
In base 15, what is -9 + -2?
-b
In base 8, what is 17 + 110?
127
In base 9, what is 25 + 21?
46
In base 12, what is 5 - 13?
-a
In base 16, what is -2 - 21?
-23
In base 7, what is 16 - 54?
-35
In base 6, what is -2 - 55?
-101
In base 9, what is -7 - 2446?
-2454
In base 7, what is -13 + -2060?
-2103
In base 16, what is 3 + -26f?
-26c
In base 3, what is -11 - -20200?
20112
In base 6, what is -10 + -3?
-13
In base 13, what is 3 + -3021?
-301b
In base 4, what is -11 - 1223130?
-1223201
In base 11, what is 1 + -51?
-50
In base 5, what is 3 - 403?
-400
In base 4, what is -3122 + 11?
-3111
In base 2, what is 1000 + 10110011?
10111011
In base 13, what is -51 + 3?
-4b
In base 9, what is -4 - 575?
-580
In base 11, what is -4 - 138?
-141
In base 2, what is -10010000 + -101?
-10010101
In base 12, what is 25 + 9?
32
In base 11, what is -2a + 5?
-25
In base 7, what is 146 - -115?
264
In base 3, what is -211100 - 1021?
-212121
In base 8, what is -235 - 53?
-310
In base 11, what is -6 + -19?
-24
In base 15, what is -480 + -5?
-485
In base 15, what is -23 + -2bc?
-2e0
In base 6, what is 2032 - 3?
2025
In base 3, what is -100 + -121?
-221
In base 7, what is 4 - 4065?
-4061
In base 16, what is -17 + -15?
-2c
In base 9, what is -3 - -200?
186
In base 12, what is -2 - -417?
415
In base 4, what is 2 + -1113101?
-1113033
In base 4, what is 10002 + -11?
3331
In base 7, what is -1 + 6264?
6263
In base 11, what is -1077 + 4?
-1073
In base 3, what is 12202 - -2?
12211
In base 9, what is -1057 + -5?
-1063
In base 3, what is -101 - -2021?
1220
In base 6, what is 5124 + -5?
5115
In base 13, what is 2 - 15?
-13
In base 11, what is -65 - -3?
-62
In base 8, what is 40 - 6?
32
In base 7, what is -516 + 65?
-421
In base 10, what is -90 - -4?
-86
In base 6, what is 3 + 101?
104
In base 13, what is -13 + c?
-4
In base 6, what is 3 - 234?
-231
In base 4, what 